be p(13). Suppose -m*f - 3*l = -4*l - 4, -f - 3*l = -9. Calculate the greatest common divisor of f and 33.
3
Suppose 0 = h + 37 - 154. What is the highest common divisor of 13 and h?
13
Let l = 213 + 29. Suppose -k + l = k. Let o = -195 - -206. What is the greatest common factor of k and o?
11
Suppose 0 = -6*r + 19 + 17. Calculate the highest common divisor of 15 and r.
3
Suppose -a - 2*a + 6 = 0. Suppose -5*x + 589 = 4*k, -a*k + 3 = 1. Calculate the highest common factor of x and 13.
13
Let q(l) = -2*l - 6. Let x be q(-8). Calculate the greatest common divisor of 60 and x.
10
Let c(f) = -5*f**2 + 5*f + 1. Let m(s) = s**2 - s - 1. Let u(n) = c(n) + 6*m(n). Let o be u(5). What is the greatest common divisor of o and 120?
15
Suppose -2*l - 42 = -3*i, -5*l - 5 - 22 = -i. What is the highest common factor of 84 and i?
12
Suppose -140 = 7*v - 12*v. What is the highest common factor of 7 and v?
7
Suppose 4*d - 63 = -3*s, -3*d + 7*d = 4*s - 112. What is the highest common factor of s and 5?
5
Suppose 5*i - 3*z = 471, i + 5*z - 106 + 23 = 0. What is the greatest common divisor of i and 62?
31
Let t(q) = 1 + 0 + 0*q + 0 - 2*q. Let i be t(-3). Suppose 8 = 5*v - i. What is the highest common factor of v and 3?
3
Suppose 4*n - 5 = 3. Let t be 72/16 - 1/n. Suppose 2*o - 37 = -v, -4*o + 69 = -t*v + 5*v. Calculate the greatest common factor of o and 32.
16
Let i(a) = a**2 + 11*a + 22. Let g be i(-11). Calculate the highest common divisor of g and 55.
11
Let c = 28 - 18. Let q(x) = 3*x**2 - 7*x + 5. Let k be 48/30*(-5)/(-2). Let m be q(k). Calculate the greatest common divisor of c and m.
5
Let g(l) = l**2 + 4*l - 8. Let s be g(6). Let d be (-2 + 3)*-1*-13. Calculate the highest common divisor of d and s.
13
Suppose -3*t + 6 = 3*a + 2*t, t + 8 = 4*a. Suppose b = -2 + 6. Let g be (4 - -8)*a/b. What is the highest common factor of g and 12?
6
Let w be 6*-5*2/(-30) - -33. Suppose -3*t + 5 = -16. What is the highest common divisor of w and t?
7
Let c(x) be the third derivative of x**6/120 - x**5/20 + 5*x**4/24 - 2*x**3/3 - 3*x**2. Let h be c(3). Calculate the greatest common divisor of 1 and h.
1
Let s(d) = 5*d**2 - 2*d + 4. Let x be s(4). What is the greatest common factor of 19 and x?
19
Let d(y) = 5*y**2 - 3*y + 1. Let c be d(2). Suppose -3*f + c = 0, -50 - 31 = -4*q + 3*f. What is the highest common divisor of q and 3?
3
Let u(j) = -j**3 - 5*j**2 - 8*j - 9. Let h be u(-4). Calculate the greatest common factor of h and 21.
7
Let p(w) be the second derivative of w**4/12 + 5*w**3/6 - 7*w**2/2 + w. Let d be p(-7). What is the greatest common factor of d and 7?
7
Let x = 218 - 130. Suppose d + x = 2*d. What is the highest common factor of 11 and d?
11
Let w = -59 - -72. Calculate the highest common divisor of w and 117.
13
Let p(r) = -18*r - 2. Let t be p(-2). Calculate the highest common factor of t and 51.
17
Let a = -711 + 1060. Suppose 0 = -c - 0*x - x + 86, 0 = 4*c + 3*x - a. Calculate the greatest common divisor of c and 13.
13
Let a be (6 + -1)*(-4 - -5). Suppose 4*b + 3 = -4*w + 11, 0 = 4*b + a*w - 6. Let y = 9 - b. Calculate the greatest common divisor of y and 40.
5
Let y = 24 - 0. Suppose 0 = 3*r - t - 8, r = -0*r - 5*t - y. Let v(i) = 17*i**2 + 2*i - 1. Let x be v(r). What is the highest common factor of 198 and x?
18
Suppose 6*v = 2*v. Suppose v = -2*j - j + 360. Let t be 16/6*18/1. Calculate the greatest common factor of t and j.
24
Let p be (-2)/(-2) + -2 + 5. Calculate the greatest common factor of 1 and p.
1
Let h(u) = u**3 - 7*u**2 - u + 9. Let y be h(7). Let o be ((-170)/(-2) - y) + 3. Suppose -35 + o = 3*t. Calculate the greatest common divisor of 34 and t.
17
Let t be (-2)/5 - (-65)/(-25). Let n be (-48)/((-5)/t + -2). Calculate the greatest common divisor of n and 16.
16
Suppose y - 40 = -3*y. What is the highest common divisor of y and 50?
10
Suppose -u = -a - 3 - 12, -9 = 3*a. Suppose 4*r - 3 = 1, -2*z - 2*r = -170. What is the greatest common factor of z and u?
12
Let s(n) = n**2 - 8*n + 1. Let p be s(9). Let r(k) = -k**2 + 10*k + 9. Let x be r(p). Suppose 0 = 4*j - x*j + 10. What is the greatest common factor of j and 8?
2
Let z = 15 + -7. Suppose z = n - 0. Calculate the highest common divisor of n and 88.
8
Let f be (-2)/((4 - 2) + -1). Let q be 0/f + 4 + -4. Suppose -4*l + 240 = -q*l. Calculate the highest common factor of l and 24.
12
Let f(n) = n**3 + 10*n**2 - 3*n - 18. Let w be f(-10). Calculate the highest common divisor of 132 and w.
12
Let p = -116 - -125. What is the greatest common factor of 2 and p?
1
Let q = -141 + 231. Calculate the highest common divisor of q and 18.
18
Let w(g) = g**2 - 7*g + 10. Let b be w(11). Suppose -5*u + 58 = 2*a - 4*u, b = 2*a - u. What is the greatest common divisor of 14 and a?
14
Let b(k) = 2*k**2 - 2*k - 1. Let d be b(3). Let u(h) = -9*h - 3. Let p be ((-6)/4)/((-12)/(-32)). Let t be u(p). What is the highest common factor of t and d?
11
Let u = -22 - -43. Suppose -r + 43 = -u. Calculate the greatest common divisor of 16 and r.
16
Suppose v + 22 = -3*l + 92, -3*l - 95 = -2*v. Let y = v + -27. What is the highest common divisor of y and 42?
14
Let r = 69 - 39. Let d(t) = 0*t + 11*t**2 + 6 - 5*t - 11 - t**3. Let l be d(10). Calculate the highest common divisor of r and l.
15
Suppose -82*f + 70 = -77*f. What is the highest common factor of f and 21?
7
Suppose -5*g + 9 = -16. Let s(x) = x**3 - 4*x**2 + 5*x + 6. Let v be s(g). Calculate the highest common divisor of 14 and v.
14
Suppose u + 4*o = -2*u + 802, 3*u - 800 = -2*o. Calculate the greatest common factor of u and 14.
14
Let u = -55 - -74. Calculate the greatest common factor of 171 and u.
19
Let r(n) = -2*n. Let h be r(-4). What is the greatest common factor of h and 1?
1
Suppose 3 = -2*u + 29. Suppose 4*i = 2*i + 78. What is the greatest common factor of u and i?
13
Suppose 0 = 2*z - 3 + 17. Let i = 15 + z. Calculate the highest common divisor of 64 and i.
8
Suppose -u + k = -2*u, 4*k = -2*u - 10. Calculate the highest common divisor of 55 and u.
5
Let x be 1 + -3 - (5 - 2). Let h(w) = w**2 - 2*w - 6. Let m be h(x). Calculate the highest common factor of 116 and m.
29
Let v = 5 + -1. Suppose 2*z = -3*z + 55. Suppose -3*c - 4 = 5*p, 3*c - z = 4*p + 3. What is the greatest common factor of v and c?
2
Suppose -75 - 240 = -5*a. Calculate the highest common divisor of a and 9.
9
Suppose -5*w - 8 = -9*w. Calculate the highest common divisor of 22 and w.
2
Suppose v - 5*v = 0. Suppose v*m = m. Let g be 3 - (2 + m) - -18. What is the greatest common divisor of g and 19?
19
Suppose 4*y = -d - y + 15, -3*d - 4*y + 23 = 0. Suppose 0 = -d*x + 2*u - 36 - 4, 2*x = u - 17. Let b = x + 83. Calculate the highest common divisor of b and 7.
7
Let t = 83 - 43. Let o be 0 - -1 - (-15 + 0). Calculate the greatest common factor of t and o.
8
Suppose 3*g - 1 = -r, -r = -g + 4 - 5. Let v be (-8)/(-2) - (-15)/r. What is the highest common factor of v and 19?
19
Let v = -9 - -5. Let a = v + 0. Let w = 6 + a. Calculate the highest common factor of w and 1.
1
Let b be -4 + 56/12 + (-4)/(-3). What is the highest common factor of 10 and b?
2
Suppose 18*w - 160 = 2*w. Calculate the highest common divisor of w and 65.
5
Let g = 21 - 10. Suppose -5*b = -4*y + 19, b - 49 = -3*y - y. Calculate the highest common factor of g and y.
11
Let m = 12 + 5. Calculate the highest common divisor of 187 and m.
17
Let l = -25 - -64. What is the greatest common factor of 195 and l?
39
Let a = 15 - -15. Calculate the highest common divisor of a and 12.
6
Suppose -4*i + 2*h + 28 + 22 = 0, -5*i + 4*h = -64. Suppose 2*k - 43 = -5*g, 4*g = -3*k - 5 + 73. What is the highest common factor of i and k?
12
Let j = 5 - 3. Let w(f) = -5 + 2*f - 2*f**j + 3*f**2 - f**2 + f**2. Let d be w(-5). Calculate the highest common factor of 10 and d.
10
Suppose f - 7 - 4 = 0. Let x be (-1 - -2)*-1*1. Let l be 3/x - -12*3. What is the highest common factor of l and f?
11
Let t be (0 + -16)/(2/2). Let h be (171/4)/((-4)/t). Suppose 5*u - z - 6 = h, 2*u + z = 75. Calculate the highest common factor of 4 and u.
4
Let y(t) = t**2 + t. Let b be y(3). Let j = 33 + 27. Calculate the greatest common divisor of j and b.
12
Let j = -21 - -36. Calculate the greatest common divisor of j and 15.
15
Let i(w) = -7*w - 4. 